ctor of 57034 and 2?
2
Calculate the highest common factor of 16 and 374.
2
What is the greatest common factor of 2184930 and 20?
10
Calculate the highest common divisor of 23 and 14904.
23
What is the highest common divisor of 9016 and 882?
98
Calculate the highest common factor of 127306 and 106.
106
What is the greatest common divisor of 3282 and 781663?
547
Calculate the highest common divisor of 92960 and 83.
83
What is the greatest common divisor of 48240 and 432?
144
Calculate the greatest common factor of 112159 and 59.
59
What is the highest common factor of 464039 and 651?
31
What is the highest common factor of 357376 and 224?
32
What is the greatest common divisor of 342 and 28918?
38
What is the highest common divisor of 376 and 31772?
188
Calculate the greatest common factor of 38 and 32484.
2
What is the greatest common divisor of 2695 and 91?
7
Calculate the greatest common divisor of 248811 and 197.
197
Calculate the highest common factor of 764 and 434334.
382
Calculate the highest common factor of 3074 and 4346.
106
Calculate the greatest common factor of 958 and 2978422.
958
Calculate the highest common divisor of 342 and 44730.
18
Calculate the highest common factor of 303660 and 2556.
36
Calculate the greatest common divisor of 1674 and 961434.
558
What is the greatest common divisor of 1640 and 108896?
328
Calculate the highest common divisor of 26988 and 208.
52
What is the greatest common divisor of 3789 and 72?
9
What is the greatest common factor of 1428 and 141134?
238
Calculate the highest common divisor of 146694 and 138.
138
What is the greatest common divisor of 1380 and 14700?
60
Calculate the greatest common divisor of 3369360 and 16.
16
What is the highest common divisor of 11559573 and 1503?
1503
Calculate the highest common factor of 87930 and 54.
18
What is the highest common divisor of 9916950 and 150?
150
What is the greatest common divisor of 2941 and 2057?
17
What is the highest common factor of 462224 and 112?
112
What is the greatest common factor of 154200 and 4200?
600
What is the highest common factor of 22380 and 972?
12
Calculate the greatest common factor of 753310 and 1065.
355
What is the greatest common divisor of 1717 and 4199?
17
What is the greatest common divisor of 400410 and 81?
27
Calculate the highest common factor of 432 and 26688.
48
Calculate the highest common factor of 563101 and 11536.
721
What is the greatest common factor of 187124 and 1092?
28
What is the greatest common divisor of 12 and 15612?
12
What is the highest common factor of 5699 and 451?
41
What is the highest common factor of 8888 and 1232?
88
What is the highest common factor of 43031 and 3478?
37
What is the highest common factor of 4836 and 127596?
372
What is the greatest common factor of 21 and 322?
7
What is the highest common factor of 4228453 and 1366?
683
Calculate the greatest common factor of 2158 and 5200.
26
Calculate the highest common divisor of 25 and 845.
5
Calculate the greatest common factor of 4284 and 777.
21
What is the greatest common factor of 3424 and 8032?
32
Calculate the highest common divisor of 1455 and 23765.
485
Calculate the greatest common factor of 400 and 35025.
25
Calculate the greatest common divisor of 95 and 53048.
19
Calculate the highest common divisor of 37298 and 2074.
34
What is the highest common divisor of 530 and 578?
2
What is the greatest common factor of 22498 and 7?
7
What is the greatest common divisor of 4403458 and 129?
43
What is the greatest common factor of 23250 and 1950?
150
Calculate the greatest common factor of 4780 and 60.
20
Calculate the greatest common divisor of 195 and 569153.
13
What is the highest common factor of 1377 and 1046979?
459
What is the greatest common divisor of 48 and 22716?
12
Calculate the highest common factor of 65 and 751088.
13
Calculate the highest common factor of 11186 and 100016.
658
What is the highest common factor of 25056 and 576?
288
Calculate the greatest common divisor of 158 and 90929.
79
What is the greatest common divisor of 17 and 250903?
17
What is the greatest common divisor of 172 and 43756?
4
Calculate the greatest common divisor of 238892 and 4.
4
What is the greatest common factor of 81510 and 114?
114
What is the highest common divisor of 2703844 and 13?
13
Calculate the highest common factor of 966 and 1064.
14
What is the highest common divisor of 42128 and 256?
16
Calculate the greatest common factor of 881046 and 36.
18
Calculate the highest common divisor of 1156166 and 44.
22
Calculate the greatest common divisor of 9262 and 96409.
421
What is the greatest common divisor of 93991 and 386?
193
Calculate the highest common factor of 22392 and 8244.
36
Calculate the greatest common factor of 2050 and 590.
10
What is the greatest common factor of 1926650 and 55?
55
Calculate the highest common factor of 46352 and 112.
16
Calculate the greatest common factor of 5463046 and 402.
134
Calculate the highest common factor of 18552 and 48.
24
What is the greatest common divisor of 10946 and 156?
26
What is the highest common factor of 5612 and 21804?
92
What is the greatest common factor of 433 and 992869?
433
Calculate the highest common divisor of 96 and 5364096.
96
Calculate the greatest common factor of 136 and 314534.
34
Calculate the greatest common factor of 864 and 372276.
108
What is the greatest common factor of 337974 and 1092?
546
What is the highest common divisor of 14464 and 512?
128
Calculate the highest common divisor of 274803 and 7923.
417
What is the greatest common factor of 18900 and 27270?
270
Calculate the greatest common divisor of 40176 and 16089.
93
Calculate the greatest common divisor of 12 and 508112.
4
What is the greatest common factor of 41408 and 640?
64
What is the greatest common divisor of 79658 and 26?
2
Calculate the greatest common factor of 4796 and 3161763.
1199
Calculate the greatest common factor of 175472 and 22.
22
What is the greatest common divisor of 357 and 83181?
357
What is the greatest common factor of 198 and 11754?
18
What is the greatest common divisor of 87163 and 505?
101
Calculate the greatest common factor of 4942 and 2898.
14
What is the greatest common divisor of 3348 and 3100?
124
Calculate the highest common factor of 3706 and 5886.
218
Calculate the highest common divisor of 2820 and 3279.
3
Calculate the greatest common divisor of 518399 and 12223.
719
Calculate the greatest common divisor of 11581 and 333.
37
What is the greatest common factor of 45 and 314586?
9
What is the greatest common divisor of 158534 and 4960?
62
Calculate the greatest common factor of 43506 and 90.
18
What is the highest common divisor of 222352 and 9621?
1069
Calculate the greatest common divisor of 160 and 157504.
32
Calculate the greatest common factor of 784 and 5872.
16
Calculate the greatest common factor of 86562 and 217.
7
Calculate the highest common factor of 184 and 2254.
46
What is the highest common divisor of 2107 and 16254?
301
Calculate the highest common divisor of 45135 and 590.
295
What is the greatest common factor of 692 and 642868?
692
What is the highest common divisor of 6837 and 15?
3
What is the highest common divisor of 2343 and 27264?
213
What is the highest common factor of 1024 and 288?
32
Calculate the highest common divisor of 22792 and 560.
56
What is the greatest common factor of 82511 and 20195?
577
What is the greatest common divisor of 1917 and 12132?
9
Calculate the highest common divisor of 104 and 608452.
52
What is the greatest common divisor of 2560 and 18740?
20
What is the highest common factor of 3010528 and 32?
32
Calculate the greatest common divisor of 657324 and 3348.
1116
What is the highest common factor of 613 and 455459?
613
Calculate the highest common divisor of 1144 and 129415.
143
What is the greatest common divisor of 3488 and 464?
16
Calculate the greatest common divisor of 3964 and 92.
4
What is the highest common divisor of 2412 and 80199?
603
What is the greatest common factor of 42082 and 106?
106
Calculate the highest common factor of 20 and 58285.
5
Calculate the greatest common divisor of 15 and 25785.
15
Calculate the highest common divisor of 710584 and 224.
56
Calculate the highest common divis